{"id":6815,"date":"2024-12-14T14:31:22","date_gmt":"2024-12-14T14:31:22","guid":{"rendered":"https:\/\/ojardinparfume.com\/demo\/?post_type=product&#038;p=6815"},"modified":"2025-11-17T16:18:49","modified_gmt":"2025-11-17T15:18:49","slug":"delice-floral-vanille","status":"publish","type":"product","link":"https:\/\/www.ojardinparfume.com\/index.php\/produit\/delice-floral-vanille\/","title":{"rendered":"D\u00e9lice Floral Vanill\u00e9"},"content":{"rendered":"<p>Le th\u00e9 blanc D\u00e9lice Floral Vanill\u00e9 allie la finesse du Pai Mu Tan et du Mao Feng \u00e0 la l\u00e9g\u00e8ret\u00e9 du th\u00e9 vert China Chun Mee. Ce m\u00e9lange premium, agr\u00e9ment\u00e9 de raisins sucr\u00e9s, de p\u00e9tales de rose et d\u2019une touche subtile de vanille, offre une infusion d\u00e9licatement parfum\u00e9e, \u00e0 la fois florale et gourmande. \u00c9labor\u00e9 avec des ingr\u00e9dients issus de l\u2019agriculture durable et des ar\u00f4mes naturels, ce th\u00e9 est une v\u00e9ritable invitation \u00e0 une pause raffin\u00e9e et apaisante.<\/p>\n<p><span data-sheets-root=\"1\"><strong> Ingr\u00e9dients :<\/strong> Th\u00e9 blanc Pai Mu Tan, th\u00e9 vert China Chun Mee, th\u00e9 blanc Mao Feng, raisin (raisin, huile v\u00e9g\u00e9tale), ar\u00f4me naturel, p\u00e9tales de rose (2%), vanille (1%).<br \/>\nM\u00e9lange premium \u00e9labor\u00e9 avec des ingr\u00e9dients issus de l&rsquo;agriculture durable et des ar\u00f4mes naturels.<\/span><\/p>\n","protected":false},"excerpt":{"rendered":"<p>D\u00e9lice Floral Vanill\u00e9, un m\u00e9lange \u00e9l\u00e9gant de th\u00e9s blancs et verts, rehauss\u00e9 de vanille douce et de p\u00e9tales de rose d\u00e9licats.<\/p>\n","protected":false},"featured_media":6816,"comment_status":"open","ping_status":"closed","template":"","meta":{"_eb_attr":""},"product_cat":[61,59],"product_tag":[],"class_list":{"0":"post-6815","1":"product","2":"type-product","3":"status-publish","4":"has-post-thumbnail","6":"product_cat-the-blanc","7":"product_cat-the","9":"first","10":"instock","11":"taxable","12":"shipping-taxable","13":"purchasable","14":"product-type-simple"},"yoast_head":"<!-- This site is optimized with the Yoast SEO plugin v24.2 - https:\/\/yoast.com\/wordpress\/plugins\/seo\/ -->\n<title>D\u00e9lice Floral Vanill\u00e9 | Th\u00e9 Blanc - O&#039;Jardin Parfum\u00e9<\/title>\n<meta name=\"description\" content=\"D\u00e9lice Floral Vanill\u00e9, un m\u00e9lange \u00e9l\u00e9gant de th\u00e9s blancs et verts, rehauss\u00e9 de vanille douce et de p\u00e9tales de rose d\u00e9licats.\" \/>\n<meta name=\"robots\" content=\"index, follow, max-snippet:-1, max-image-preview:large, max-video-preview:-1\" \/>\n<link rel=\"canonical\" href=\"https:\/\/www.ojardinparfume.com\/index.php\/produit\/delice-floral-vanille\/\" \/>\n<meta property=\"og:locale\" content=\"fr_FR\" \/>\n<meta property=\"og:type\" content=\"article\" \/>\n<meta property=\"og:title\" content=\"D\u00e9lice Floral Vanill\u00e9 | Th\u00e9 Blanc - O&#039;Jardin Parfum\u00e9\" \/>\n<meta property=\"og:description\" content=\"D\u00e9lice Floral Vanill\u00e9, un m\u00e9lange \u00e9l\u00e9gant de th\u00e9s blancs et verts, rehauss\u00e9 de vanille douce et de p\u00e9tales de rose d\u00e9licats.\" \/>\n<meta property=\"og:url\" content=\"https:\/\/www.ojardinparfume.com\/index.php\/produit\/delice-floral-vanille\/\" \/>\n<meta property=\"og:site_name\" content=\"O&#039;Jardin Parfum\u00e9\" \/>\n<meta property=\"article:publisher\" content=\"https:\/\/www.facebook.com\/ojardin.parfume\/\" \/>\n<meta property=\"article:modified_time\" content=\"2025-11-17T15:18:49+00:00\" \/>\n<meta property=\"og:image\" content=\"https:\/\/www.ojardinparfume.com\/wp-content\/uploads\/2024\/12\/ojardin-parfume-the-blanc-delice-floral-vanille.jpg\" \/>\n\t<meta property=\"og:image:width\" content=\"1000\" \/>\n\t<meta property=\"og:image:height\" content=\"1000\" \/>\n\t<meta property=\"og:image:type\" content=\"image\/jpeg\" \/>\n<meta name=\"twitter:card\" content=\"summary_large_image\" \/>\n<meta name=\"twitter:label1\" content=\"Dur\u00e9e de lecture estim\u00e9e\" \/>\n\t<meta name=\"twitter:data1\" content=\"1 minute\" \/>\n<script type=\"application\/ld+json\" class=\"yoast-schema-graph\">{\"@context\":\"https:\/\/schema.org\",\"@graph\":[{\"@type\":\"WebPage\",\"@id\":\"https:\/\/www.ojardinparfume.com\/index.php\/produit\/delice-floral-vanille\/\",\"url\":\"https:\/\/www.ojardinparfume.com\/index.php\/produit\/delice-floral-vanille\/\",\"name\":\"D\u00e9lice Floral Vanill\u00e9 | Th\u00e9 Blanc - O&#039;Jardin Parfum\u00e9\",\"isPartOf\":{\"@id\":\"https:\/\/www.ojardinparfume.com\/#website\"},\"primaryImageOfPage\":{\"@id\":\"https:\/\/www.ojardinparfume.com\/index.php\/produit\/delice-floral-vanille\/#primaryimage\"},\"image\":{\"@id\":\"https:\/\/www.ojardinparfume.com\/index.php\/produit\/delice-floral-vanille\/#primaryimage\"},\"thumbnailUrl\":\"https:\/\/www.ojardinparfume.com\/wp-content\/uploads\/2024\/12\/ojardin-parfume-the-blanc-delice-floral-vanille.jpg\",\"datePublished\":\"2024-12-14T14:31:22+00:00\",\"dateModified\":\"2025-11-17T15:18:49+00:00\",\"description\":\"D\u00e9lice Floral Vanill\u00e9, un m\u00e9lange \u00e9l\u00e9gant de th\u00e9s blancs et verts, rehauss\u00e9 de vanille douce et de p\u00e9tales de rose d\u00e9licats.\",\"breadcrumb\":{\"@id\":\"https:\/\/www.ojardinparfume.com\/index.php\/produit\/delice-floral-vanille\/#breadcrumb\"},\"inLanguage\":\"fr-FR\",\"potentialAction\":[{\"@type\":\"ReadAction\",\"target\":[\"https:\/\/www.ojardinparfume.com\/index.php\/produit\/delice-floral-vanille\/\"]}]},{\"@type\":\"ImageObject\",\"inLanguage\":\"fr-FR\",\"@id\":\"https:\/\/www.ojardinparfume.com\/index.php\/produit\/delice-floral-vanille\/#primaryimage\",\"url\":\"https:\/\/www.ojardinparfume.com\/wp-content\/uploads\/2024\/12\/ojardin-parfume-the-blanc-delice-floral-vanille.jpg\",\"contentUrl\":\"https:\/\/www.ojardinparfume.com\/wp-content\/uploads\/2024\/12\/ojardin-parfume-the-blanc-delice-floral-vanille.jpg\",\"width\":1000,\"height\":1000},{\"@type\":\"BreadcrumbList\",\"@id\":\"https:\/\/www.ojardinparfume.com\/index.php\/produit\/delice-floral-vanille\/#breadcrumb\",\"itemListElement\":[{\"@type\":\"ListItem\",\"position\":1,\"name\":\"Accueil\",\"item\":\"https:\/\/www.ojardinparfume.com\/\"},{\"@type\":\"ListItem\",\"position\":2,\"name\":\"Boutique\",\"item\":\"https:\/\/www.ojardinparfume.com\/index.php\/boutique\/\"},{\"@type\":\"ListItem\",\"position\":3,\"name\":\"D\u00e9lice Floral Vanill\u00e9\"}]},{\"@type\":\"WebSite\",\"@id\":\"https:\/\/www.ojardinparfume.com\/#website\",\"url\":\"https:\/\/www.ojardinparfume.com\/\",\"name\":\"O'Jardin Parfum\u00e9\",\"description\":\"La finesse d&#039;un th\u00e9 d&#039;excellence\",\"publisher\":{\"@id\":\"https:\/\/www.ojardinparfume.com\/#organization\"},\"potentialAction\":[{\"@type\":\"SearchAction\",\"target\":{\"@type\":\"EntryPoint\",\"urlTemplate\":\"https:\/\/www.ojardinparfume.com\/?s={search_term_string}\"},\"query-input\":{\"@type\":\"PropertyValueSpecification\",\"valueRequired\":true,\"valueName\":\"search_term_string\"}}],\"inLanguage\":\"fr-FR\"},{\"@type\":\"Organization\",\"@id\":\"https:\/\/www.ojardinparfume.com\/#organization\",\"name\":\"O'Jardin Parfum\u00e9\",\"url\":\"https:\/\/www.ojardinparfume.com\/\",\"logo\":{\"@type\":\"ImageObject\",\"inLanguage\":\"fr-FR\",\"@id\":\"https:\/\/www.ojardinparfume.com\/#\/schema\/logo\/image\/\",\"url\":\"https:\/\/www.ojardinparfume.com\/wp-content\/uploads\/2024\/09\/cropped-logo-ojardinparfume-png-1.png\",\"contentUrl\":\"https:\/\/www.ojardinparfume.com\/wp-content\/uploads\/2024\/09\/cropped-logo-ojardinparfume-png-1.png\",\"width\":842,\"height\":222,\"caption\":\"O'Jardin Parfum\u00e9\"},\"image\":{\"@id\":\"https:\/\/www.ojardinparfume.com\/#\/schema\/logo\/image\/\"},\"sameAs\":[\"https:\/\/www.facebook.com\/ojardin.parfume\/\"]}]}<\/script>\n<!-- \/ Yoast SEO plugin. -->","yoast_head_json":{"title":"D\u00e9lice Floral Vanill\u00e9 | Th\u00e9 Blanc - O&#039;Jardin Parfum\u00e9","description":"D\u00e9lice Floral Vanill\u00e9, un m\u00e9lange \u00e9l\u00e9gant de th\u00e9s blancs et verts, rehauss\u00e9 de vanille douce et de p\u00e9tales de rose d\u00e9licats.","robots":{"index":"index","follow":"follow","max-snippet":"max-snippet:-1","max-image-preview":"max-image-preview:large","max-video-preview":"max-video-preview:-1"},"canonical":"https:\/\/www.ojardinparfume.com\/index.php\/produit\/delice-floral-vanille\/","og_locale":"fr_FR","og_type":"article","og_title":"D\u00e9lice Floral Vanill\u00e9 | Th\u00e9 Blanc - O&#039;Jardin Parfum\u00e9","og_description":"D\u00e9lice Floral Vanill\u00e9, un m\u00e9lange \u00e9l\u00e9gant de th\u00e9s blancs et verts, rehauss\u00e9 de vanille douce et de p\u00e9tales de rose d\u00e9licats.","og_url":"https:\/\/www.ojardinparfume.com\/index.php\/produit\/delice-floral-vanille\/","og_site_name":"O&#039;Jardin Parfum\u00e9","article_publisher":"https:\/\/www.facebook.com\/ojardin.parfume\/","article_modified_time":"2025-11-17T15:18:49+00:00","og_image":[{"width":1000,"height":1000,"url":"https:\/\/www.ojardinparfume.com\/wp-content\/uploads\/2024\/12\/ojardin-parfume-the-blanc-delice-floral-vanille.jpg","type":"image\/jpeg"}],"twitter_card":"summary_large_image","twitter_misc":{"Dur\u00e9e de lecture estim\u00e9e":"1 minute"},"schema":{"@context":"https:\/\/schema.org","@graph":[{"@type":"WebPage","@id":"https:\/\/www.ojardinparfume.com\/index.php\/produit\/delice-floral-vanille\/","url":"https:\/\/www.ojardinparfume.com\/index.php\/produit\/delice-floral-vanille\/","name":"D\u00e9lice Floral Vanill\u00e9 | Th\u00e9 Blanc - O&#039;Jardin Parfum\u00e9","isPartOf":{"@id":"https:\/\/www.ojardinparfume.com\/#website"},"primaryImageOfPage":{"@id":"https:\/\/www.ojardinparfume.com\/index.php\/produit\/delice-floral-vanille\/#primaryimage"},"image":{"@id":"https:\/\/www.ojardinparfume.com\/index.php\/produit\/delice-floral-vanille\/#primaryimage"},"thumbnailUrl":"https:\/\/www.ojardinparfume.com\/wp-content\/uploads\/2024\/12\/ojardin-parfume-the-blanc-delice-floral-vanille.jpg","datePublished":"2024-12-14T14:31:22+00:00","dateModified":"2025-11-17T15:18:49+00:00","description":"D\u00e9lice Floral Vanill\u00e9, un m\u00e9lange \u00e9l\u00e9gant de th\u00e9s blancs et verts, rehauss\u00e9 de vanille douce et de p\u00e9tales de rose d\u00e9licats.","breadcrumb":{"@id":"https:\/\/www.ojardinparfume.com\/index.php\/produit\/delice-floral-vanille\/#breadcrumb"},"inLanguage":"fr-FR","potentialAction":[{"@type":"ReadAction","target":["https:\/\/www.ojardinparfume.com\/index.php\/produit\/delice-floral-vanille\/"]}]},{"@type":"ImageObject","inLanguage":"fr-FR","@id":"https:\/\/www.ojardinparfume.com\/index.php\/produit\/delice-floral-vanille\/#primaryimage","url":"https:\/\/www.ojardinparfume.com\/wp-content\/uploads\/2024\/12\/ojardin-parfume-the-blanc-delice-floral-vanille.jpg","contentUrl":"https:\/\/www.ojardinparfume.com\/wp-content\/uploads\/2024\/12\/ojardin-parfume-the-blanc-delice-floral-vanille.jpg","width":1000,"height":1000},{"@type":"BreadcrumbList","@id":"https:\/\/www.ojardinparfume.com\/index.php\/produit\/delice-floral-vanille\/#breadcrumb","itemListElement":[{"@type":"ListItem","position":1,"name":"Accueil","item":"https:\/\/www.ojardinparfume.com\/"},{"@type":"ListItem","position":2,"name":"Boutique","item":"https:\/\/www.ojardinparfume.com\/index.php\/boutique\/"},{"@type":"ListItem","position":3,"name":"D\u00e9lice Floral Vanill\u00e9"}]},{"@type":"WebSite","@id":"https:\/\/www.ojardinparfume.com\/#website","url":"https:\/\/www.ojardinparfume.com\/","name":"O'Jardin Parfum\u00e9","description":"La finesse d&#039;un th\u00e9 d&#039;excellence","publisher":{"@id":"https:\/\/www.ojardinparfume.com\/#organization"},"potentialAction":[{"@type":"SearchAction","target":{"@type":"EntryPoint","urlTemplate":"https:\/\/www.ojardinparfume.com\/?s={search_term_string}"},"query-input":{"@type":"PropertyValueSpecification","valueRequired":true,"valueName":"search_term_string"}}],"inLanguage":"fr-FR"},{"@type":"Organization","@id":"https:\/\/www.ojardinparfume.com\/#organization","name":"O'Jardin Parfum\u00e9","url":"https:\/\/www.ojardinparfume.com\/","logo":{"@type":"ImageObject","inLanguage":"fr-FR","@id":"https:\/\/www.ojardinparfume.com\/#\/schema\/logo\/image\/","url":"https:\/\/www.ojardinparfume.com\/wp-content\/uploads\/2024\/09\/cropped-logo-ojardinparfume-png-1.png","contentUrl":"https:\/\/www.ojardinparfume.com\/wp-content\/uploads\/2024\/09\/cropped-logo-ojardinparfume-png-1.png","width":842,"height":222,"caption":"O'Jardin Parfum\u00e9"},"image":{"@id":"https:\/\/www.ojardinparfume.com\/#\/schema\/logo\/image\/"},"sameAs":["https:\/\/www.facebook.com\/ojardin.parfume\/"]}]}},"jetpack_sharing_enabled":true,"_links":{"self":[{"href":"https:\/\/www.ojardinparfume.com\/index.php\/wp-json\/wp\/v2\/product\/6815","targetHints":{"allow":["GET"]}}],"collection":[{"href":"https:\/\/www.ojardinparfume.com\/index.php\/wp-json\/wp\/v2\/product"}],"about":[{"href":"https:\/\/www.ojardinparfume.com\/index.php\/wp-json\/wp\/v2\/types\/product"}],"replies":[{"embeddable":true,"href":"https:\/\/www.ojardinparfume.com\/index.php\/wp-json\/wp\/v2\/comments?post=6815"}],"wp:featuredmedia":[{"embeddable":true,"href":"https:\/\/www.ojardinparfume.com\/index.php\/wp-json\/wp\/v2\/media\/6816"}],"wp:attachment":[{"href":"https:\/\/www.ojardinparfume.com\/index.php\/wp-json\/wp\/v2\/media?parent=6815"}],"wp:term":[{"taxonomy":"product_cat","embeddable":true,"href":"https:\/\/www.ojardinparfume.com\/index.php\/wp-json\/wp\/v2\/product_cat?post=6815"},{"taxonomy":"product_tag","embeddable":true,"href":"https:\/\/www.ojardinparfume.com\/index.php\/wp-json\/wp\/v2\/product_tag?post=6815"}],"curies":[{"name":"wp","href":"https:\/\/api.w.org\/{rel}","templated":true}]}}